{"id":334933,"date":"2023-09-27T07:42:34","date_gmt":"2023-09-27T07:42:34","guid":{"rendered":"https:\/\/www.zfx-asia.com\/?post_type=announcement&#038;p=334933"},"modified":"2023-10-03T06:27:13","modified_gmt":"2023-10-03T06:27:13","slug":"29-eylul-6-ekim-2023-cin-ulusal-gunu-sebebiyle-islem-saatlerinde-olusacak-degisiklikler","status":"publish","type":"announcement","link":"https:\/\/www.tr-zfx.com\/tr\/duyurular\/29-eylul-6-ekim-2023-cin-ulusal-gunu-sebebiyle-islem-saatlerinde-olusacak-degisiklikler-334933\/","title":{"rendered":"29 Eyl\u00fcl &#8211; 6 Ekim 2023 \u00c7in Ulusal G\u00fcn\u00fc Sebebiyle \u0130\u015flem Saatlerinde Olu\u015facak De\u011fi\u015fiklikler"},"content":{"rendered":"<p>29 Eyl\u00fcl 2023 ve 6 Ekim 2023 tarihleri aras\u0131nda \u00c7in&#8217;de resmi tatil olan Ulusal G\u00fcn sebebiyle k\u00fcresel piyasalarda i\u015flem saatlerinde olu\u015facak de\u011fi\u015fiklikler a\u015fa\u011f\u0131daki gibidir:<\/p>\n<figure class=\"wp-block-table\">\n<div class=\"table-responsive\"><table class=\"table table-bordered\">\n<tbody>\n<tr>\n<td>Sembol<\/td>\n<td>29 Eyl\u00fcl 2023 (GMT+1)<\/td>\n<td>2-6 Ekim 2023 &nbsp; Pazartesi&#8217;den Cuma&#8217;ya kadar (GMT+1)<\/td>\n<\/tr>\n<tr>\n<td>CN300<\/td>\n<td>T\u00fcm G\u00fcn Kapal\u0131<\/td>\n<td>T\u00fcm Hafta Kapal\u0131<\/td>\n<\/tr>\n<\/tbody>\n<\/table><\/div>\n<\/figure>\n<figure class=\"wp-block-table\">\n<div class=\"table-responsive\"><table class=\"table table-bordered\">\n<tbody>\n<tr>\n<td>Sembol<\/td>\n<td>2 Ekim 2023 (GMT+1)<\/td>\n<\/tr>\n<tr>\n<td>HK50<\/td>\n<td>T\u00fcm G\u00fcn Kapal\u0131<\/td>\n<\/tr>\n<tr>\n<td>ChinaH<\/td>\n<td>T\u00fcm G\u00fcn Kapal\u0131<\/td>\n<\/tr>\n<\/tbody>\n<\/table><\/div>\n<\/figure>\n<figure class=\"wp-block-table\">\n<div class=\"table-responsive\"><table class=\"table table-bordered\">\n<tbody>\n<tr>\n<td>Sembol<\/td>\n<td>28 Eyl\u00fcl 2023 (GMT+1)<\/td>\n<td>29 Eyl\u00fcl 2023 (GMT+1)<\/td>\n<\/tr>\n<tr>\n<td>USDINR<\/td>\n<td>T\u00fcm G\u00fcn Kapal\u0131<\/td>\n<td>A\u00e7\u0131k<\/td>\n<\/tr>\n<tr>\n<td>USDKRW<\/td>\n<td>T\u00fcm G\u00fcn Kapal\u0131<\/td>\n<td>T\u00fcm G\u00fcn Kapal\u0131<\/td>\n<\/tr>\n<\/tbody>\n<\/table><\/div>\n<\/figure>\n","protected":false},"excerpt":{"rendered":"<p>29 Eyl\u00fcl 2023 ve 6 Ekim 2023 tarihleri aras\u0131nda \u00c7in&#8217;de resmi tatil olan Ulusal G\u00fcn sebebiyle k\u00fcresel piyasalarda i\u015flem saatlerinde olu\u015facak de\u011fi\u015fiklikler a\u015fa\u011f\u0131daki gibidir: Sembol 29 Eyl\u00fcl 2023 (GMT+1) 2-6 Ekim 2023 &nbsp; Pazartesi&#8217;den Cuma&#8217;ya kadar (GMT+1) CN300 T\u00fcm G\u00fcn Kapal\u0131 T\u00fcm Hafta Kapal\u0131 Sembol 2 Ekim 2023 (GMT+1) HK50 T\u00fcm G\u00fcn Kapal\u0131 ChinaH T\u00fcm [&hellip;]<\/p>\n","protected":false},"author":87,"featured_media":0,"template":"","announcement_category":[24065],"class_list":["post-334933","announcement","type-announcement","status-publish","hentry","announcement_category-announcement"],"acf":[],"current_lang":"tr","_links":{"self":[{"href":"https:\/\/www.tr-zfx.com\/tr\/wp-json\/wp\/v2\/announcement\/334933","targetHints":{"allow":["GET"]}}],"collection":[{"href":"https:\/\/www.tr-zfx.com\/tr\/wp-json\/wp\/v2\/announcement"}],"about":[{"href":"https:\/\/www.tr-zfx.com\/tr\/wp-json\/wp\/v2\/types\/announcement"}],"author":[{"embeddable":true,"href":"https:\/\/www.tr-zfx.com\/tr\/wp-json\/wp\/v2\/users\/87"}],"version-history":[{"count":0,"href":"https:\/\/www.tr-zfx.com\/tr\/wp-json\/wp\/v2\/announcement\/334933\/revisions"}],"wp:attachment":[{"href":"https:\/\/www.tr-zfx.com\/tr\/wp-json\/wp\/v2\/media?parent=334933"}],"wp:term":[{"taxonomy":"announcement_category","embeddable":true,"href":"https:\/\/www.tr-zfx.com\/tr\/wp-json\/wp\/v2\/announcement_category?post=334933"}],"curies":[{"name":"wp","href":"https:\/\/api.w.org\/{rel}","templated":true}]}}

29 Eylül &#8211; 6 Ekim 2023 Çin Ulusal Günü Sebebiyle İşlem Saatlerinde Oluşacak Değişiklikler

<p>29 Eylül 2023 ve 6 Ekim 2023 tarihleri arasında Çin&#8217;de resmi tatil olan Ulusal Gün sebebiyle küresel piyasalarda işlem saatlerinde oluşacak değişiklikler aşağıdaki gibidir:</p>
<figure class="wp-block-table">
<div class="table-responsive"><table class="table table-bordered">
<tbody>
<tr>
<td>Sembol</td>
<td>29 Eylül 2023 (GMT+1)</td>
<td>2-6 Ekim 2023 &nbsp; Pazartesi&#8217;den Cuma&#8217;ya kadar (GMT+1)</td>
</tr>
<tr>
<td>CN300</td>
<td>Tüm Gün Kapalı</td>
<td>Tüm Hafta Kapalı</td>
</tr>
</tbody>
</table></div>
</figure>
<figure class="wp-block-table">
<div class="table-responsive"><table class="table table-bordered">
<tbody>
<tr>
<td>Sembol</td>
<td>2 Ekim 2023 (GMT+1)</td>
</tr>
<tr>
<td>HK50</td>
<td>Tüm Gün Kapalı</td>
</tr>
<tr>
<td>ChinaH</td>
<td>Tüm Gün Kapalı</td>
</tr>
</tbody>
</table></div>
</figure>
<figure class="wp-block-table">
<div class="table-responsive"><table class="table table-bordered">
<tbody>
<tr>
<td>Sembol</td>
<td>28 Eylül 2023 (GMT+1)</td>
<td>29 Eylül 2023 (GMT+1)</td>
</tr>
<tr>
<td>USDINR</td>
<td>Tüm Gün Kapalı</td>
<td>Açık</td>
</tr>
<tr>
<td>USDKRW</td>
<td>Tüm Gün Kapalı</td>
<td>Tüm Gün Kapalı</td>
</tr>
</tbody>
</table></div>
</figure>

<p>29 Eylül 2023 ve 6 Ekim 2023 tarihleri arasında Çin&#8217;de resmi tatil olan Ulusal Gün sebebiyle küresel piyasalarda işlem saatlerinde oluşacak değişiklikler aşağıdaki gibidir: Sembol 29 Eylül 2023 (GMT+1) 2-6 Ekim 2023 &nbsp; Pazartesi&#8217;den Cuma&#8217;ya kadar (GMT+1) CN300 Tüm Gün Kapalı Tüm Hafta Kapalı Sembol 2 Ekim 2023 (GMT+1) HK50 Tüm Gün Kapalı ChinaH Tüm [&hellip;]</p>
